s of 206016010.
2, 5, 43, 181, 2647
What are the prime factors of 1902208452?
2, 3, 79, 2006549
List the prime factors of 676789734.
2, 3, 599, 188311
List the prime factors of 134808842.
2, 7, 23, 499, 839
What are the prime factors of 4490086645?
5, 11, 81637939
What are the prime factors of 58260249?
3, 2157787
What are the prime factors of 156950924?
2, 13, 577, 5231
List the prime factors of 268121284.
2, 701, 95621
List the prime factors of 48886411.
7, 19, 31, 71, 167
What are the prime factors of 895372641?
3, 99485849
What are the prime factors of 1566444641?
83, 18872827
What are the prime factors of 57206024?
2, 113, 63281
List the prime factors of 375162498.
2, 3, 20842361
List the prime factors of 555918516.
2, 3, 29, 532489
List the prime factors of 1681210597.
11, 17, 8990431
What are the prime factors of 136916217?
3, 23, 47, 4691
List the prime factors of 164606516.
2, 41151629
What are the prime factors of 535272638?
2, 113, 2368463
List the prime factors of 11664733.
11664733
List the prime factors of 46607929.
6827
List the prime factors of 7211137583.
13, 19, 23, 1269343
What are the prime factors of 7551537?
3, 7, 47, 1093
What are the prime factors of 2831781945?
3, 5, 19, 101, 98377
List the prime factors of 21404372.
2, 11, 83, 5861
List the prime factors of 7203632.
2, 450227
List the prime factors of 26348338.
2, 59, 223291
List the prime factors of 165622352.
2, 7, 103, 293
List the prime factors of 460699840.
2, 5, 19, 75773
What are the prime factors of 1768865220?
2, 3, 5, 9827029
List the prime factors of 5739839586.
2, 3, 13, 3271, 7499
What are the prime factors of 47497184?
2, 7, 17, 12473
List the prime factors of 147053084.
2, 19, 29, 66721
What are the prime factors of 2351170186?
2, 29, 3217, 12601
What are the prime factors of 1703045379?
3, 7, 1499, 54101
List the prime factors of 3816879388.
2, 7, 136317121
List the prime factors of 250073835.
3, 5, 11, 1515599
What are the prime factors of 96019905?
3, 5, 6401327
What are the prime factors of 273458581?
11, 24859871
What are the prime factors of 254339856?
2, 3, 17, 107, 971
What are the prime factors of 81192703?
461, 176123
List the prime factors of 2244899812.
2, 12973, 43261
List the prime factors of 294907667.
193, 1528019
What are the prime factors of 55323610?
2, 5, 17, 421, 773
What are the prime factors of 1111091983?
157, 1231, 5749
List the prime factors of 1207752356.
2, 23, 13127743
List the prime factors of 471845879.
471845879
List the prime factors of 49738047.
3, 16579349
What are the prime factors of 409703122?
2, 204851561
What are the prime factors of 2112918831?
3, 17, 4603309
List the prime factors of 51919044.
2, 3, 4326587
List the prime factors of 2508350463.
3, 1249, 74381
List the prime factors of 407012618.
2, 61, 307, 10867
List the prime factors of 1206947051.
19, 63523529
What are the prime factors of 66309520?
2, 5, 17, 48757
List the prime factors of 634053309.
3, 211351103
List the prime factors of 26129885.
5, 47, 111191
List the prime factors of 572318639.
572318639
What are the prime factors of 38319324?
2, 3, 29, 3797
What are the prime factors of 5555550?
2, 3, 5, 7, 11, 13, 37
What are the prime factors of 19548834?
2, 3, 19, 171481
List the prime factors of 75012121.
75012121
List the prime factors of 574966037.
163, 3527399
List the prime factors of 1912795180.
2, 5, 211, 453269
List the prime factors of 7694275906.
2, 41, 47, 1996439
List the prime factors of 907819714.
2, 101, 4494157
List the prime factors of 1342428628.
2, 1861, 180337
What are the prime factors of 539221658?
2, 4289, 62861
List the prime factors of 1086259567.
1871, 580577
List the prime factors of 216724828.
2, 131, 413597
List the prime factors of 34974101.
34974101
What are the prime factors of 87923500?
2, 5, 7, 25121
What are the prime factors of 952725097?
59, 16147883
List the prime factors of 1878492941.
13, 41, 127, 27751
List the prime factors of 53527321.
5333, 10037
List the prime factors of 440970454.
2, 881, 250267
List the prime factors of 271481.
7, 38783
What are the prime factors of 686707678?
2, 43, 997, 8009
List the prime factors of 351191390.
2, 5, 11, 3192649
List the prime factors of 485247156.
2, 3, 19, 37, 97, 593
What are the prime factors of 35364084?
2, 3, 7, 137, 439
What are the prime factors of 68408513?
68408513
What are the prime factors of 1370662771?
149, 9199079
List the prime factors of 300080447.
17, 197, 89603
What are the prime factors of 343307424?
2, 3, 3576119
List the prime factors of 164793414.
2, 3, 71, 386839
What are the prime factors of 1916754565?
5, 11, 23, 29, 52249
What are the prime factors of 28245025?
5, 53, 21317
List the prime factors of 2082200860.
2, 5, 59, 1764577
List the prime factors of 836694885.
3, 5, 13, 71, 223, 271
What are the prime factors of 376463411?
31, 12143981
What are the prime factors of 943989204?
2, 3, 1249, 62983
List the prime factors of 65545684.
2, 29, 565049
List the prime factors of 22653776.
2, 19, 43, 1733
What are the prime factors of 8227324071?
3, 12553, 72823
List the prime factors of 277126070.
2, 5, 13, 67, 31817
List the prime factors of 1130197375.
5, 37, 244367
What are the prime factors of 140259?
3, 7, 6679
List the prime factors of 2006183739.
3, 7, 71, 827, 1627
What are the prime factors of 13744865?
5, 2748973
What are the prime factors of 297256127?
7, 307, 138323
What are the prime factors of 2551695615?
3, 5, 7, 300023
What are the prime factors of 146863184?
2, 13, 277, 2549
List the prime factors of 264923146.
2, 132461573
List the prime factors of 22722242.
2, 11361121
List the prime factors of 45604520.
2, 5, 13, 87701
List the prime factors of 139988222.
2, 11, 101, 251
List the prime factors of 182713319.
182713319
List the prime factors of 102220726.
2, 51110363
What are the prime factors of 39980793?
3, 31, 429901
List the prime factors of 3246424147.
11003, 295049
What are the prime factors of 2435884981?
409, 5955709
List the prime factors of 99038024.
2, 47, 263399
What are the prime factors of 1195832134?
2, 7, 85416581
List the prime factors of 3230324232.
2, 3, 6653, 20231
What are the prime factors of 1067198427?
3, 118577603
List the prime factors of 18859281.
3, 7, 317, 2833
List the prime factors of 620437348.
2, 31, 113, 44279
List the prime factors of 31509335.
5, 11, 13, 127, 347
What are the prime factors of 7814750401?
479, 16314719
List the prime factors of 575334569.
521, 1104289
List the prime factors of 63057581.
63057581
What are the prime factors of 2171641907?
61, 35600687
List the prime factors of 321034632.
2, 3, 181, 263, 281
What are the prime factors of 4949240025?
3, 5, 839, 78653
What are the prime factors of 856404418?
2, 103, 4157303
What are the prime factors of 3088208518?
2, 641, 2408899
List the prime factors of 689694089.
7, 98527727
List the prime factors of 436401763.
7, 62343109
What are the prime factors of 618526094?
2, 29, 10664243
List the prime factors of 259952982.
2, 3, 43325497
List the prime factors of 370518191.
197, 1880803
List the prime factors of 8537897.
19, 449363
What are the prime factors of 594787580?
2, 5, 37, 491, 1637
List the prime factors of 339819817.
17, 109, 183389
List the prime factors of 660175344.
2, 3, 4584551
List the prime factors of 426638.
2, 213319
What are the prime factors of 2642009063?
32831, 80473
What are the prime factors of 1118046486?
2, 3, 131, 397, 3583
What are the prime factors of 141082793?
73, 1932641
What are the prime factors of 87193134?
2, 3, 7, 692009
What are the prime factors of 266085064?
2, 7, 4751519
List the prime factors of 61819648.
2, 11, 29, 757
What are the prime factors of 1167944714?
2, 583972357
What are the prime factors of 293580872?
2, 13, 2822893
List the prime factors of 1247384964.
2, 3, 7, 2121403
What are the prime factors of 59479908?
2, 3, 1237, 4007
What are the prime factors of 48500192?
2, 13, 23, 37, 137
List the prime factors of 51158374.
2, 19, 1346273
What are the prime factors of 39186108?
2, 3, 13, 31, 37, 73
What are the prime factors of 336008451?
3, 17, 599, 647
What are the prime factors of 3567418357?
3567418357
What are the prime factors of 3619900366?
2, 1021, 1772723
List the prime fac